{"version":"1.0","provider_name":"area-press.eu - comunicati","provider_url":"https:\/\/www.area-press.eu\/comunicati","author_name":"Redazione area-press.eu","author_url":"https:\/\/www.area-press.eu\/comunicati\/author\/redazione-area-press-eu\/","title":"ALBERGHI E RISTORANTI TURISTICI MATERA - area-press.eu - comunicati","type":"rich","width":600,"height":338,"html":"<blockquote class=\"wp-embedded-content\" data-secret=\"vZIT0SDqgt\"><a href=\"https:\/\/www.area-press.eu\/comunicati\/alberghi-e-ristoranti-turistici-matera\/\">ALBERGHI E RISTORANTI TURISTICI MATERA<\/a><\/blockquote><iframe sandbox=\"allow-scripts\" security=\"restricted\" src=\"https:\/\/www.area-press.eu\/comunicati\/alberghi-e-ristoranti-turistici-matera\/embed\/#?secret=vZIT0SDqgt\" width=\"600\" height=\"338\" title=\"&#8220;ALBERGHI E RISTORANTI TURISTICI MATERA&#8221; &#8212; area-press.eu - comunicati\" data-secret=\"vZIT0SDqgt\" frameborder=\"0\" marginwidth=\"0\" marginheight=\"0\" scrolling=\"no\" class=\"wp-embedded-content\"><\/iframe><script>\n\/*! This file is auto-generated *\/\n!function(d,l){\"use strict\";l.querySelector&&d.addEventListener&&\"undefined\"!=typeof URL&&(d.wp=d.wp||{},d.wp.receiveEmbedMessage||(d.wp.receiveEmbedMessage=function(e){var t=e.data;if((t||t.secret||t.message||t.value)&&!\/[^a-zA-Z0-9]\/.test(t.secret)){for(var s,r,n,a=l.querySelectorAll('iframe[data-secret=\"'+t.secret+'\"]'),o=l.querySelectorAll('blockquote[data-secret=\"'+t.secret+'\"]'),c=new RegExp(\"^https?:$\",\"i\"),i=0;i<o.length;i++)o[i].style.display=\"none\";for(i=0;i<a.length;i++)s=a[i],e.source===s.contentWindow&&(s.removeAttribute(\"style\"),\"height\"===t.message?(1e3<(r=parseInt(t.value,10))?r=1e3:~~r<200&&(r=200),s.height=r):\"link\"===t.message&&(r=new URL(s.getAttribute(\"src\")),n=new URL(t.value),c.test(n.protocol))&&n.host===r.host&&l.activeElement===s&&(d.top.location.href=t.value))}},d.addEventListener(\"message\",d.wp.receiveEmbedMessage,!1),l.addEventListener(\"DOMContentLoaded\",function(){for(var e,t,s=l.querySelectorAll(\"iframe.wp-embedded-content\"),r=0;r<s.length;r++)(t=(e=s[r]).getAttribute(\"data-secret\"))||(t=Math.random().toString(36).substring(2,12),e.src+=\"#?secret=\"+t,e.setAttribute(\"data-secret\",t)),e.contentWindow.postMessage({message:\"ready\",secret:t},\"*\")},!1)))}(window,document);\n<\/script>\n","description":"La piccola Basilicata \u00e8 una regione che spesso viene trascurata. Chi la conosce invece potr\u00e0 confermare quanto sia superficiale un'interpretazione di questo tipo. La Basilicata infatti \u00e8 una perla del sud Italia, al cui interno si trova una perla pi\u00f9"}

La piccola Basilicata è una regione che spesso viene trascurata. Chi la conosce invece potrà confermare quanto sia superficiale un'interpretazione di questo tipo. La Basilicata infatti è una perla del sud Italia, al cui interno si trova una perla più
